actor of f and x?
28
Suppose -2*u + 2*y + 10 = u, -u = -4*y. Let p be (u/(-5))/2*(-1500)/50. What is the greatest common divisor of p and 372?
12
Suppose -2*y + 154 = 2*c, 335 = -6*y + 11*y - 5*c. Calculate the greatest common factor of 3 and y.
3
Suppose 56*w = 23*w + 3696. Let s be 7/(28/(-16))*-4. What is the greatest common factor of s and w?
16
Let q(u) = u**2 - 23*u + 13. Let d be q(23). Let v = -10 + d. Suppose 0*z + 9 = z. What is the highest common factor of v and z?
3
Let a(n) = n**3 - 2*n**2 + 6*n - 10. Let y be a(4). Suppose 7*d = 59 + y. Calculate the greatest common divisor of 6 and d.
3
Suppose m = 4*x + 205, 0 = -7*x + 2*x + 5*m - 245. Let k = x + 64. What is the greatest common divisor of k and 84?
12
Suppose -k - 1 = -6. Suppose -80 = -k*a + 50. What is the greatest common divisor of a and 13?
13
Let v(x) be the third derivative of -x**5/60 - x**4/4 - x**3/3 + 32*x**2. Let c be v(-4). Suppose -t + 21 = -33. Calculate the highest common factor of t and c.
6
Let v be (-15 - (-6 - 2)) + 21. What is the greatest common factor of 36 and v?
2
Let m = 83 + -83. Suppose 2*t = -b + 62, 7*b - 2*b - 4*t - 338 = m. Calculate the greatest common factor of 33 and b.
33
Let c(h) = 2*h**2 + 4. Let w be c(-3). Let a = -7123 - -7277. Calculate the highest common factor of a and w.
22
Suppose s + 0 = 5. Let k be 20/(-6) + s/15. Let h be (0/k)/(-1) + 126. What is the highest common divisor of h and 18?
18
Suppose 4*c - 2*x = 4 + 8, 5*c = 5*x + 20. Suppose 1 = -i + 3*d, d + c*d = -3*i + 45. Suppose -5*s + 34 = -i. What is the highest common divisor of s and 72?
9
Suppose -2*l + 61 = -3*g, -2*l + 4*g = -4*l + 68. Calculate the highest common factor of l and 4.
4
Let y be 44457/70 - (-1 - 33/(-30)). What is the greatest common factor of y and 5?
5
Let x be (-504)/(-7) - (-5 + 5). What is the highest common factor of x and 32?
8
Let d(i) = i - 12. Let b be d(14). Suppose r + p - 112 = -0*p, 4*p = b*r - 212. What is the greatest common factor of 10 and r?
10
Let q = -19 + 22. Suppose q*s + 0 - 15 = 0. Calculate the greatest common factor of s and 55.
5
Suppose 4*o = -f - 11, o + 9 = 2*f - 5. Suppose f*h - 2*h - 6 = 0. Suppose -h*u + 4 = -12. Calculate the greatest common divisor of 24 and u.
8
Let r(m) = m**3 + 10*m**2 + m + 377. Let t be r(0). What is the highest common divisor of 52 and t?
13
Suppose -50 = -17*g + 85 + 188. Let j = -135 - -306. Calculate the greatest common divisor of j and g.
19
Suppose -4*i + 2*n + 40 = 0, 5*i = -3*n - 1 + 29. Calculate the highest common divisor of i and 88.
8
Let k = -1586 - -1590. Let h be (-16)/6*(-42)/4. Calculate the greatest common divisor of h and k.
4
Suppose -4*x = -3*w + 49, 0 = -x - 2*x - 2*w - 24. Let m = 10 + x. Suppose m = 2*f - 0 - 8. What is the greatest common factor of f and 12?
4
Let v = -38 + 20. Let m = v + 21. Suppose -4*j = -4*a + 68, -5 = -a + 5*j - 10*j. What is the highest common factor of m and a?
3
Suppose -4*f - 1096 = -29*a + 25*a, a = -f + 278. Calculate the highest common divisor of 12 and a.
12
Let f be ((-176)/33)/(8/(-18)). What is the greatest common divisor of 186 and f?
6
Let k(a) = 6 - 7*a**2 + 14*a**2 - 33*a**3 + 32*a**3. Let q be k(6). What is the highest common factor of q and 28?
14
Let t be (7/6 + (-2)/3)*8. Suppose -t*i - 4*c + 84 = 0, -2*i + 3*c = -3*i + 19. Let u be (7 - 1)*(-22)/(-4). Calculate the greatest common factor of u and i.
11
Let i = -1510 - -1518. What is the highest common factor of 116 and i?
4
Let k be 6 + (2 - (2 + -1)). Let s(b) = 6*b**3 - 3*b**2 + 3*b. Let o be s(2). Let y be (-1 + -6)/((-6)/o). Calculate the greatest common factor of y and k.
7
Let q be 1/(2/1234) + (-46 - -45). Calculate the greatest common divisor of q and 88.
88
Let p(c) = c**3 - c**2 - 16*c + 20. Let o be p(8). Calculate the greatest common divisor of o and 68.
68
Let y(o) = 2*o**2 - 2*o - 1. Let x be y(-1). Let z be 10/x*6/4. Suppose 2*t = 5*a + 89, a + 170 = z*t - a. Calculate the highest common factor of 4 and t.
4
Suppose 0 = -3*v + 3*j + 2*j + 67, 4*j - 52 = -2*v. What is the highest common factor of 60 and v?
12
Suppose 58 = 7*n - 68. Let j = n + 21. Calculate the highest common divisor of j and 52.
13
Let v be ((-2312)/(-170))/(2/35). What is the greatest common factor of v and 14?
14
Suppose -i - i - 3*n = -13, -17 = -3*i - 4*n. Let a be -12*1*(0 + i). What is the highest common factor of a and 4?
4
Let v(a) = a**3 - 12*a**2 - 15*a - 5. Let m be v(13). Let t = 51 + m. Calculate the greatest common divisor of t and 10.
10
Let s(r) = r**2 + 8*r + 10. Let j be s(-4). Let b be (-40)/(-30)*j/(-4). Calculate the highest common divisor of b and 16.
2
Let y = 33 - 33. Let f = y + 9. Calculate the greatest common factor of f and 1.
1
Let c(o) = 4*o**3 - 4*o**2 - 7*o - 2. Let l be c(-2). Let b = -30 - l. Suppose 0 = x - 13 - 5. Calculate the greatest common divisor of x and b.
6
Let s be (-3)/(6 - (-2 - (-805)/98)). What is the highest common factor of s and 133?
7
Let i = 906 + -552. What is the highest common factor of i and 2?
2
Let f(d) = -17*d**3 + d. Let n be f(1). Let t be -1 + 2 - (9 + n). Calculate the highest common factor of 72 and t.
8
Suppose 6*x - 340 = 290. Let a be (9 + 5)*10/4. What is the greatest common divisor of a and x?
35
Suppose 45 = 3*d - 3*v, -4*v = -2*d + 27 + 13. Suppose 2*l - 2*q - 146 = 0, l - 76 = 49*q - 47*q. What is the greatest common divisor of l and d?
10
Suppose -4*z - 328 = -2*t + 394, -367 = -t + 4*z. Let d = t - 131. Suppose 0 = -3*i - 0*i + 84. Calculate the highest common factor of i and d.
28
Let u be (16/(-14))/(12/(-42)). Suppose -u*g = -3*i - 60, 3*g - i + 2*i - 45 = 0. What is the greatest common divisor of 150 and g?
15
Let l be (-4)/(-12) + -2*178/(-12). Calculate the greatest common divisor of l and 80.
10
Suppose -b + 1754 = 5*h, -3*h + 4*h - 4 = 0. Calculate the greatest common factor of b and 102.
102
Let f = 148 + -43. Let p = 83 - -1. Suppose -8*u + p = -4*u. Calculate the greatest common factor of f and u.
21
Let u = 65 - -4. Let o = -41 + u. Let d be 112*(5 + -1 + (-1 - 1)). What is the highest common divisor of o and d?
28
Let o(n) = -3*n**3 - 71*n**2 + 100*n + 19. Let g be o(-25). What is the highest common divisor of 19 and g?
19
Let h(v) = -v**2 + 41*v - 84. Let d be h(36). Calculate the greatest common factor of 120 and d.
24
Let k be 2 - -24 - (0 + -1). Suppose 0 = -3*d + 2*y + 147, 2*y = 7*y + 15. Let l = d + -29. Calculate the greatest common factor of l and k.
9
Let k be 2*((-908)/(-56) - 8/(-28)). Calculate the greatest common factor of k and 561.
33
Let y(f) = 43*f - 236. Let n be y(6). What is the highest common divisor of 55 and n?
11
Let x = 1660 - 1636. Calculate the greatest common factor of 24 and x.
24
Suppose 21 = -w + 9. Let y = 21 + w. Let g be 1084/12 - 3/y. What is the greatest common factor of 10 and g?
10
Suppose 5*h - 60 = -5*y, 0*h + 4*h + 2*y = 46. Suppose -8*m + 6*m = -220. Calculate the greatest common divisor of m and h.
11
Let i(a) = -a**2 + 10. Let b(d) = -d**2 - d + 9. Let k(t) = 7*b(t) - 6*i(t). Let l be k(-4). Let c = -11 + l. Calculate the highest common divisor of 2 and c.
2
Suppose -8*d - 2*v + 392 = -4*d, -v + 4 = 0. What is the greatest common factor of 144 and d?
48
Let h = -4 - -7. Let l be h/(-9)*-1*12. Let i = 95 + -63. Calculate the highest common factor of i and l.
4
Suppose 3*a - 4 = 2. Suppose -32*s + 14 = -25*s. Suppose -3*k - 41 = -4*h, 0 = -h - k - s + 21. What is the greatest common factor of h and a?
2
Let y be 0 - (-8 - 0) - (3 - 314). What is the highest common factor of 11 and y?
11
Let n be 0 - 6*(-2)/6. Calculate the greatest common divisor of n and 16.
2
Let l = -22 + 102. Suppose -3*x + 6 = -5*u - 2*x, -5*x = -5. Let w be 570/36 - u/6. Calculate the greatest common factor of w and l.
16
Suppose -12 = 2*a - 5*a. Suppose -y - n + 5 = 0, y - n - 1 = a. Suppose -127 = -y*v + 23. Calculate the highest common factor of v and 45.
15
Suppose -o - i = -5*i - 1411, 4*i + 7023 = 5*o. What is the greatest common factor of o and 23?
23
Let w be (1 - 2) + (-111)/(-3). Let l = -26 + 26. Suppose -20 = -2*a - a + 2*p, l = 2*a - 3*p - 20. Calculate the highest common divisor of a and w.
4
Let i be -2 + 0 + 4 + 0. Let w = 190 + -111. Let u = w - 75. Calculate the greatest comm